 composite?
False
Suppose 0 = -9*v + 14*v + 1005. Is (24 + -23)/((-1)/v) a prime number?
False
Suppose -4*j - 49*w + 46376 = -53*w, -11582 = -j - 3*w. Is j composite?
True
Let w(k) = -22 - 13*k - 2*k + 4*k + 43*k**2 + 5*k. Is w(-3) prime?
True
Suppose 4*z + 309214 + 498031 = 5*g, -4*g + 645817 = z. Is g a prime number?
True
Let q(x) = 463*x**2 - 20*x + 62. Let u be q(4). Let m = u + -2351. Is m prime?
True
Suppose 4*a - 16 = -7 + 3. Suppose 5*g - 7510 = -x, 2*g = -4*x + 135 + 2869. Suppose -f + g = i, -a*i - 574 = 2*f - 5077. Is i prime?
True
Let p be 20/6 - 4 - (-46)/6. Suppose 32193 + 18921 = p*d. Suppose -8*f + 2*f = -d. Is f prime?
True
Let o(v) = -1114*v + 82. Let d be o(12). Is -5 + d/(-2) - 1 prime?
True
Let g(w) = -w**2 - 3*w. Let h be g(-3). Let a(i) be the first derivative of -i**4/4 - i**3/3 - i**2/2 + 2879*i - 1. Is a(h) a composite number?
False
Let i(y) = -533*y**3 + 2*y**2 - 62*y - 123. Is i(-8) a composite number?
True
Suppose -3*h + c = -225542, 36*h - 3*c - 375902 = 31*h. Is h prime?
True
Let n(o) = o**2 - 17*o + 74. Let r be n(9). Is 3/r*4628/78 a composite number?
False
Suppose -8*o + 24*o - 2711821 = -216381. Is o a prime number?
False
Suppose -21 + 1 = -2*z. Suppose r - 7*p + z*p = -6, 4*r + 64 = -2*p. Let j(l) = l**3 + 20*l**2 + 3*l - 8. Is j(r) a prime number?
False
Let c(k) = 192*k**3 - 6*k**2 + 125*k - 739. Is c(6) a prime number?
False
Suppose -11*h + 2346 = 12*h. Suppose 96*w - h*w + 49578 = 0. Is w a prime number?
True
Suppose -297 = 43*o - 63*o - 79*o. Suppose -4*n = -5*w - 32 - 4, -n = 1. Is (3170/(o + w))/(-2 - 0) composite?
False
Let j(p) = p**2 - 24*p + 150. Let l be j(20). Is l*(-520)/(-144) - 6/(-27) composite?
True
Let o = -21700 + 381939. Is o a composite number?
True
Let o(s) = 258*s - 2731. Is o(127) a prime number?
False
Is ((-1)/(-4))/(11/(-132)) - (-90608 + 6) prime?
True
Suppose 6*x - 678 = 684. Suppose -49198 = -15*p + x. Is p prime?
False
Suppose -2*u = q - 135 - 138, 3*q = 4*u + 869. Suppose -5*z - 5*v + 5745 = 0, -3*v + q + 862 = z. Is z composite?
False
Suppose 9*r - 72 = -15*r. Suppose -i - 5*j = 3*i - 5363, -r*i - j + 4014 = 0. Is i a prime number?
False
Let r(m) = -30*m + 66. Let i be r(2). Is (-1 - 0 - -3) + i + 19113 composite?
False
Suppose -4*q = -2*n + 316974, 0 = -4*q + 2 + 2. Is n a prime number?
True
Let x = -77 - -80. Let v(n) = 22*n**3 - 5*n**2 + n + 5. Is v(x) composite?
False
Let s be ((-156)/16)/((-9)/48). Let d = -73 + s. Is 631 - (7/d - 2/(-6)) composite?
False
Let w(u) = -641*u + 172. Suppose 0*z + 2*z + 8 = 0, -j + 4*z + 11 = 0. Is w(j) prime?
False
Let y = 883145 + -612048. Is y prime?
True
Let o be 3/(15/35) - 3. Is (-3)/(3/(-2012)*o) prime?
True
Let n be (24 + -18)/((-6)/(-28)). Suppose 3*s = -3*i - s + 22, -5*s + n = 4*i. Suppose 5*h - 3195 = 4*u, i*u = -h - 2*u + 615. Is h prime?
False
Is (-2)/(-22) - (-13457650)/275 a composite number?
True
Let b = -7082 + 49723. Is b a prime number?
True
Let x(g) = g**3 + 29*g**2 + 10*g + 41. Suppose 38*u = 43*u - 435. Let f = u - 108. Is x(f) a composite number?
False
Let t(s) = -2*s**3 + 3*s**2 + 34*s - 28. Suppose 85*l + 396 = 41*l. Is t(l) a prime number?
True
Let y = -400 + -1589. Let z = 5750 + y. Is z composite?
False
Suppose 2*w = -6, -d - 267*w + 32083 = -265*w. Is d composite?
False
Let p(k) = 12*k**2 - 81*k + 2. Let h(i) = -13*i**2 + 81*i - 1. Let d(z) = -3*h(z) - 2*p(z). Is d(15) a composite number?
True
Let h = -555704 + 1124281. Is h a prime number?
True
Let p = -2876 - -4228. Suppose 4*z = p + 3524. Is z a prime number?
False
Let i(n) = -6*n**2 + 16 - 2*n**3 + 35 - 101 - 3*n. Is i(-9) prime?
False
Suppose 2*a - 9 = 5*a, -2*m + 4*a = -2068. Let g(h) = -m*h - 5 + 4 + 0 - 2. Is g(-2) a prime number?
True
Let r(c) = -60 + 124*c - 13*c - 18 - 109. Is r(30) prime?
False
Suppose -35*v + 2702076 = 121*v. Is v a composite number?
False
Is 664/(-6308) + 21340593/19 composite?
False
Let l be (4/6)/((-4)/5892). Let o(y) = -7*y**2 - 141*y + 57. Let h be o(-33). Let j = l - h. Is j a composite number?
False
Suppose 4*i - 2*i = 29906. Suppose 4*o - o + 29909 = 2*l, 0 = -l + 3*o + i. Suppose l + 402 = 14*m. Is m a composite number?
False
Let i(j) = j**3. Let o be i(-2). Let f(m) = 43*m**2 - 3*m - 9. Is f(o) composite?
False
Let u = -973 - -487. Is 108/u - (1 + (-54004)/18) prime?
True
Let m = 68 - 75. Let p(g) = 31*g**2 + 9*g + 17. Is p(m) a composite number?
True
Let o(h) = -186*h + 29. Let b(v) = v**3 + 13*v**2 - 5*v - 14. Let k be b(-13). Let t = -67 + k. Is o(t) composite?
True
Let x(p) = -166*p + 15. Let b be (1 + 1 + 7/2)*2. Let y be x(b). Let w = y - -4240. Is w a prime number?
False
Is (-30)/35 - (15178790/(-119) + 6) a prime number?
False
Let g be (-1)/(-1) - 28/(-7) - 1457. Let v = 2413 + g. Is v a composite number?
True
Let u = -35 - -37. Suppose j - 5*j + f + 2512 = 0, u*j + 5*f - 1278 = 0. Is 23/23 + (j - (0 - 1)) a composite number?
False
Let r(s) = 38*s**3 - 2*s**2 + 10*s - 27. Is r(7) a prime number?
True
Suppose 5*t = -2*w + 2*t - 3, 3*t + 9 = 0. Suppose -n + 4*v = -8481, 22804 = w*n + v - 2704. Is n a prime number?
True
Let j be 6/4 + 0 + (-100)/8. Let w = j - -16. Suppose -w*t + 9*t - 1148 = 0. Is t a composite number?
True
Suppose -10*x = -631630 + 25100. Is x composite?
True
Let k be (54/(-5) - 18/90)/1. Let p(u) = u**3 + 16*u**2 + 5*u - 9. Is p(k) a composite number?
False
Let u = -40 - -13. Let j = u - -32. Suppose 3*s = j*h - 7806, 0 = 3*h + 5*s + 608 - 5312. Is h prime?
False
Let m = -326125 + 800186. Is m a composite number?
True
Suppose 24*f + 500755 = 327530 + 5189009. Is f prime?
True
Let u(i) be the second derivative of 0*i**3 - 3/2*i**2 + 5/3*i**4 + 0 + 19*i. Is u(2) composite?
True
Let k(u) = -8*u**3 - 28*u**2 - 12*u + 19. Is k(-5) a composite number?
False
Let c(d) = d**3 - 7*d**2 - 7*d - 2. Let a be c(8). Is (-91416)/(-18) - (-2)/a a prime number?
False
Let s = -9 - -54. Let b = 49 - s. Is (-23 + 16)*-2*10/b a composite number?
True
Let w(n) be the first derivative of 155/2*n**2 + 13*n - 18. Is w(6) a prime number?
False
Suppose 6*z - 2*z + 52 = 0. Let t = z - -15. Suppose t*s + 151 - 533 = 0. Is s composite?
False
Let l(y) = y**3 + 2*y**2 - y + 211. Let o be 4/(-28) + 1/7. Is l(o) composite?
False
Let x be 88571/(-14) - 1/(-2). Let j = x - -9195. Is j a composite number?
True
Let x(t) = 49*t**2 - 186*t - 203. Is x(44) a composite number?
False
Let s(r) = 2282*r**3 - 8*r**2 + 196*r - 993. Is s(5) a prime number?
False
Let m = -2446 - -8255. Is m a composite number?
True
Suppose 8*q - 39 = 7*q - 3*m, 3*m + 123 = 5*q. Suppose q*h - 234929 = -2*h. Is h a composite number?
False
Suppose 20 = -20*l + 60. Suppose -5*t = 3*q - 2*q - 14705, 0 = 5*t + l*q - 14700. Is t composite?
True
Let u = 26546 + 48125. Is u a composite number?
True
Let j(d) = 234*d**3 + 3*d**2 + 5*d - 7. Let h(l) = 2*l**3 + 33*l**2 - 16*l + 20. Let y be h(-17). Is j(y) a prime number?
True
Suppose s - 255392 = -5*r, -5*r = -12*s + 11*s + 255402. Is s prime?
False
Let k(c) be the third derivative of -c**6/15 - c**5/4 - 7*c**4/6 + 16*c**3/3 - 210*c**2. Is k(-19) a prime number?
True
Let j be (522932/12)/((-2)/(-6)). Let y = -216329 + j. Is (3/2)/((-63)/y) a prime number?
False
Suppose 3*c - p = 33, 4*c + 3*p - 3 = 54. Let f(d) = 3*d**3 - 11*d**2 - 7*d + 29. Let h be f(c). Suppose -h - 16068 = -11*g. Is g a prime number?
True
Let v be (-4)/16*-1*8. Let g(h) = 171*h**3 + h**2 + 6*h - 8. Let k be g(v). Let f = -399 + k. Is f a prime number?
True
Let m(t) = -5967*t**3 - 13*t**2 + 3*t - 3. Is m(-4) a composite number?
True
Suppose 9*t = 12*t - 9. Suppose 3731 = -3*f + 4*u + 12600, 3*f + t*u - 8883 = 0. Suppose -5*y + 168 = o - 812, -f = -3*o + 4*y. Is o a prime number?
False
Suppose 4*z = 3*l + 533, -5*l = -7*l + 3*z - 357. Let w = 614 + l. Is w prime?
True
Suppose 0 = c + 5*r - 43356, -38*c = -34*c + 5*r - 173439. Is c prime?
False
Let j be 1/((-4)/40*-5). Let q be ((-6)/(-6))/(j/(-2)). Is (-5115)/(-15) + (q - 3) composite?
False
Let s = -1064 - -1663. Let u = s + 144. Is u a composite number?
False
Let z(d) = d**2 + 478*d + 336269. Is z(0) a composite number?
True
Let n = -38532 + 68273. Is n prime?
True
Suppose 3*s = -s + 2*u + 590598, -3*s = u - 442936. Is s a prime number?
True
Let z(i) = -i**3 - 92*i**2 - 312*i + 313. Is z(-90) composit